What is the ten thousands digit of t?
1
Let r(g) = 55*g + 158. Let w be r(19). Let t = -630 + w. What is the hundreds digit of t?
5
Let i = 16 + -10. Suppose -416 + 1142 = -i*l. Let f = l - -202. What is the units digit of f?
1
Let j(r) = r**3 - r**2 - 5*r + 4. Let x be j(4). Suppose -50*w + 103*w = 48*w - 315. Let b = x - w. What is the tens digit of b?
9
Suppose 48*z + 522 - 186 = 0. What is the units digit of 5 + z/((-7)/149)?
4
Let l(j) = -j**2 - 144*j - 125. What is the hundreds digit of l(-96)?
4
Let i(a) = -14*a - 49. Let p be i(-4). Suppose p*g = -6*g + 3913. What is the units digit of g?
1
Suppose -4*m = 2*u + 6 + 6, -5*m - 20 = 0. What is the units digit of (u/(-4))/(((-16)/(-4))/(-2736))?
2
Let l(q) = -q**3 + q**2 + q + 175. Suppose 0 = 5*r - 5*d + 20, -2*r + 12 + 0 = 3*d. Let o be l(r). Suppose -12*w + o = -53. What is the units digit of w?
9
Suppose -1960*k = -2122*k + 6627744. What is the tens digit of k?
1
What is the tens digit of (413/49 - 9)*-63413?
3
Let g(j) = 5*j**2 - 7*j - 108. Let w(p) = 4*p**2 - 7*p - 111. Let v(s) = -3*g(s) + 4*w(s). What is the tens digit of v(-19)?
7
Suppose -16*t + 15*t = -51. Let o = t + 37. What is the units digit of (o/6)/((-4)/(-6))?
2
What is the units digit of 3/((-6)/(-5))*85881912/5790?
2
What is the tens digit of (-484165)/(-11)*(36/45)/2?
0
Suppose -72*z + 61725 = -53013 + 28986. What is the units digit of z?
1
Suppose -88 = 5*v - 16*v. What is the hundreds digit of 21527/38 - (-4)/v?
5
What is the ten thousands digit of 137/548 + ((-991194)/(-72))/(2/6)?
4
Suppose -8*q - 18*q - 168717 + 653617 = 0. What is the hundreds digit of q?
6
Let u be (3 - (-20)/(-8))*10. Suppose 1558 = u*t - 557. What is the tens digit of t?
2
Let b be ((-2)/4)/(3/(-48)). Let q(z) be the third derivative of -z**6/120 + 2*z**5/15 + 3*z**4/8 - 7*z**3/6 + 294*z**2 + z. What is the units digit of q(b)?
5
Suppose 0 = 21*z + 21*z + 18*z - 3358140. What is the thousands digit of z?
5
Let l(u) = -9*u + 46. Suppose -5*s - 2 + 47 = 5*y, y + 3*s - 15 = 0. Let a be (21/y - 1)*(-1 + -1). What is the units digit of l(a)?
1
Suppose 85*q = 83*q + 120. Let x = q - -281. What is the hundreds digit of x?
3
Let z = -34433 - -74969. What is the thousands digit of z?
0
Let s be -3 + (-3 - -456) - (15 - 12). Let a = -213 + s. What is the tens digit of a?
3
Let z(i) = 3*i**3 + 117*i**2 - 38*i + 36. What is the units digit of z(-36)?
8
Let c = -1121 - -5184. What is the units digit of c?
3
Let u(v) = -519*v - 6. Let a be u(-8). Let r = a + -2690. What is the thousands digit of r?
1
Let p(o) = -950*o**2 + 3*o + 3. Let l be p(-2). Let s = -2709 - l. What is the hundreds digit of s?
0
Let z = 24795 - 8691. What is the ten thousands digit of z?
1
Suppose 26*k - 13*k = -1261. Let s = 159 - k. What is the units digit of s?
6
Suppose -21*z - 18*z = 32*z - 1297099. What is the units digit of z?
9
Suppose -3*u = 7*u + 3*u - 232999. What is the units digit of u?
3
Suppose -24*h - 28*h = -40*h - 24876. What is the thousands digit of h?
2
Let d = -2611 - -26906. What is the ten thousands digit of d?
2
Suppose 2*y + 2*i = 7*i + 302, -2*i = -5*y + 713. Suppose w = 2*t - y + 25, -2*t - w = -108. What is the units digit of t?
6
Let u(i) = 4*i**2 - 5*i + 3. Let a be u(1). Suppose 5*o - 2*o + 1989 = 2*r, 2*o = -a. What is the tens digit of r?
9
Let s = -1118 - 182. Let h = -593 - s. What is the hundreds digit of h?
7
Let x(q) = -q**3 + 5*q**2 + 23*q. Let z be x(8). What is the tens digit of (z/16)/(4/(-25776)*3)?
7
Let d(z) = 2*z**2 - 2*z + 2. Let i be d(-5). Let v = 172 + -170. Suppose -i = -v*y + 76. What is the tens digit of y?
6
Suppose -5*f + 9 = -2*o, 4*o + 4 = f + 13. Suppose -f*k + 951 = 5*c, -6*k = -3*k - 4*c - 951. What is the units digit of k?
7
Let t(s) be the third derivative of -s**6/120 - s**5/20 + 3*s**4/4 - s**3/2 + 33*s**2. What is the units digit of t(-8)?
3
Suppose 55*m = 44*m + 3102. Suppose r - m = 206. What is the units digit of r?
8
Let q(x) = -x**2 + 23*x - 52. Let g be q(20). Suppose 2562 = 14*p - g*p. What is the units digit of p?
7
Let c = -412 - -388. What is the tens digit of (-39)/(-2)*(8 + 176/c)?
1
Suppose -4*l - 17 = -j - 2, -4*l = j + 25. Let g = -124 + 180. Let w = j + g. What is the units digit of w?
1
Let z(c) = 11*c**2 - 11*c - 29. Let x be z(-8). Let b = x + -368. What is the hundreds digit of b?
3
Let d(b) = 5410*b - 2795. What is the tens digit of d(5)?
5
Let a(z) = 25*z + 15. Let w(h) = -h**3 + 8*h**2 + 3. Let c be w(8). Suppose c*v - 21 = -3. What is the tens digit of a(v)?
6
Let t be (-4)/(-10) + (-3140)/(-25) + -4. Let d = 511 - t. What is the tens digit of d?
8
Let d be 3250 - 135/(-54)*4/5. Suppose 4*f + 4*x = d, -4*f + 4*x + 3623 = 371. What is the hundreds digit of f?
8
Let h(s) = 447*s**2 - 180*s - 151. What is the thousands digit of h(6)?
4
Let z(k) be the first derivative of 77*k**3/3 + k**2/2 + 3. Let g be (-2 - -1)*(-1 - -2). What is the tens digit of z(g)?
7
Suppose 9 = -5*m + 29. Suppose -3*v + 1061 + 1152 = m*t, -4*t = v - 727. What is the tens digit of v?
4
What is the tens digit of ((-16304)/36 - (-2)/(-18))/(33/(-187))?
6
Let f(h) = h**3 - h**2 - 4*h + 2. Let k be f(3). Let t be (3/(12/k))/(2 - 0). What is the hundreds digit of 4 - t - (-2 + -106 - 1)?
1
Suppose 5*i - i + 5*n - 49 = 0, -3*i + 4*n = 2. Suppose i*c = -6*c - 444. Let h = 84 - c. What is the tens digit of h?
2
Suppose -2*k + 68 = 58. What is the units digit of 1*k - 1540/(-20)?
2
Let l(i) be the third derivative of i**5/30 - 17*i**4/24 + 16*i**3/3 - 11*i**2. Let j be l(16). Suppose -p = -3*p + j. What is the hundreds digit of p?
1
Suppose -138 + 34 = -26*x. Suppose -r - 81 = f - 883, 0 = f - x*r - 787. What is the tens digit of f?
9
Let g(h) = -2*h + 15. Let p be g(10). Let i be (p + -1 - (-2 + -1)) + 5. Let j = i + 12. What is the tens digit of j?
1
Suppose 5*g + 77*c - 73*c = 187476, -3*c - 74995 = -2*g. What is the thousands digit of g?
7
Let r = 137 + -139. Let h be 1*6 - ((-16)/r + -5). Let m(y) = 10*y**3 - 6*y**2 - 2*y - 1. What is the units digit of m(h)?
9
Let f(o) = -o**3 - 68*o**2 + 13*o - 3174. What is the units digit of f(-76)?
6
Suppose -690 - 825 = -5*h. Let m be (10695/46)/((-6)/(-12)). Let d = m - h. What is the units digit of d?
2
Let r = 6293 + -3867. What is the thousands digit of r?
2
Let h be (36/(-24))/((-2)/236). Let f = h + -69. Let u = -43 + f. What is the tens digit of u?
6
Suppose 107*t - 213440 = 67*t. What is the tens digit of t?
3
Let y = 38 + 6. Suppose 0 = 3*a + 35 - y. Suppose -11*x = -13*x + 5*v + 59, 80 = a*x + v. What is the tens digit of x?
2
Let p(r) be the third derivative of r**6/40 - r**5/60 - r**4/24 + r**3/6 + 23*r**2. Let i be p(1). What is the units digit of (-11)/((-57)/27 + i)?
9
Suppose -3*i - 9 = 0, -s - 2*i = -3*i - 113. Let v = s - 3. Suppose 2*u + o = v, -2*u + 4*o = -u - 67. What is the units digit of u?
5
Let l = -2896 + 358. Let z = l - -4267. What is the tens digit of z?
2
Suppose -2*b - 5 = -1. Let y be ((-9)/(-18))/(b/32). What is the units digit of (y/10)/(8/(-20))?
2
Let s(n) = -21*n**2 - 2*n - 11. Let q(y) = 22*y**2 + 3*y + 12. Let h(w) = -3*q(w) - 4*s(w). What is the hundreds digit of h(5)?
4
Suppose 46794 = 34*h - 37934. What is the units digit of h?
2
Let f be 21/7 - 0*(1 + -2). Suppose 0 = -5*w + 5*g + 2010, -6*w - g + 1214 = -f*w. What is the hundreds digit of w?
4
Suppose 2*i = -416 - 812. Let x = 67 - i. What is the tens digit of x?
8
Let m = 130 - 118. What is the hundreds digit of 195 - (-7)/(42/m)?
1
Let q(g) = 5622*g**2 + 3335*g - 7. What is the tens digit of q(3)?
9
Let j be (-94)/(-5) + (-100)/125. Suppose -j*n + 4007 = -493. What is the tens digit of n?
5
Suppose 104 = 2*w - t, 2*w + 8*t - 96 = 11*t. What is the hundreds digit of 2 + (-20)/9 + 13674/w?
2
Let j = 2 + 280. Suppose -j = 2*d - 768. What is the units digit of d?
3
Let h(l) = 22*l**2 + 4*l + 12. Let y be h(-6). Let o = 1103 - y. What is the units digit of o?
3
Let j be (5 - 5 - 5) + 34. Suppose -j*w + 5*w = -5208. What is the units digit of w?
7
Let d = 35729 + -6820. What is the thousands digit of d?
8
Suppose -6780 = -2*v + 5*h, 10*v - 4*h - 6780 = 8*v. What is the thousands digit of v?
3
Suppose 6 = -s + 2*s. Let r be ((-57)/(-72) - 5/40)*147. What is the tens digit of (1 - 18/s)/((-4)/r)?
4